{"id":5178,"date":"2015-06-13T05:31:26","date_gmt":"2015-06-13T05:31:26","guid":{"rendered":"http:\/\/dummy.wedesignthemes.com\/veda\/yoga\/?page_id=2"},"modified":"2024-03-01T10:52:34","modified_gmt":"2024-03-01T10:52:34","slug":"galeri-2","status":"publish","type":"page","link":"http:\/\/www.mavipanorama.com\/index.php\/galeri-2\/","title":{"rendered":"Galeri"},"content":{"rendered":"<section class=\"wpb-content-wrapper\"><p>[vc_row][vc_column width=&#8221;1\/3&#8243;][\/vc_column][vc_column width=&#8221;1\/3&#8243;][vc_custom_heading text=&#8221;Villam\u0131zdan G\u00f6r\u00fcnt\u00fcler&#8221; use_theme_fonts=&#8221;yes&#8221;][\/vc_column][vc_column width=&#8221;1\/3&#8243;][\/vc_column][\/vc_row][vc_row][vc_column][vc_tta_accordion color=&#8221;white&#8221; active_section=&#8221;&#8221;][vc_tta_section title=&#8221;Exckusive Attic G\u00fcney Room&#8221; tab_id=&#8221;1681736477429-9e617625-e41d&#8221;][vc_gallery type=&#8221;image_grid&#8221; images=&#8221;5658,5659,5657,5656,5655,5653,5660,5650,5651,5652,5654,5661,5662,5663,5664,5665&#8243; img_size=&#8221;250&#215;250&#8243; css_animation=&#8221;fadeInUp&#8221;][\/vc_tta_section][vc_tta_section title=&#8221;Geni\u015f Terasl\u0131 Deluxe Room Panoramik Manzaral\u0131 Jakuzili&#8221; tab_id=&#8221;1681736476133-025c0ae8-0438&#8243;][vc_gallery type=&#8221;image_grid&#8221; images=&#8221;5668,5666,5667,5669,5670,5671,5672,5673,5674,5675,5676,5677,5678,5679,5680,5681,5682,5683,5684&#8243; img_size=&#8221;250&#215;250&#8243; css_animation=&#8221;fadeIn&#8221;][\/vc_tta_section][vc_tta_section title=&#8221;Executive Room Jakuzili Panoramik Manzaral\u0131&#8221; tab_id=&#8221;1683550029501-dbcb86d1-3495&#8243;][vc_gallery type=&#8221;image_grid&#8221; images=&#8221;5686,5687,5688,5689,5690,5691,5692,5693,5694,5695,5696,5697,5698,5699,5700,5701,5702,5703,5704,5705,5706,5707,5708,5709&#8243; img_size=&#8221;250&#215;250&#8243; css_animation=&#8221;fadeIn&#8221;][\/vc_tta_section][vc_tta_section title=&#8221;Elegant Room&#8221; tab_id=&#8221;1683553826723-7067e714-4bc0&#8243;][vc_gallery type=&#8221;image_grid&#8221; images=&#8221;5710,5711,5712,5713,5714,5715,5716,5717,5718,5719,5720,5721,5722,5723,5724,5725,5726,5727,5728,5729,5730,5731,5732,5733,5734,5735,5736,5737,5738,5739&#8243; img_size=&#8221;250&#215;250&#8243; css_animation=&#8221;fadeIn&#8221;][\/vc_tta_section][vc_tta_section title=&#8221;Exclusive \u00c7at\u0131 Kat\u0131 S\u00fciti (Penthouse), Jakuzi, Deniz Manzaral\u0131&#8221; tab_id=&#8221;1683556384329-b2fdb0c6-44cb&#8221;][vc_gallery type=&#8221;image_grid&#8221; images=&#8221;5741,5742,5743,5744,5745,5746,5747,5748,5749,5750,5751,5752,5753,5754,5755,5756,5757,5758,5759,5760,5761,5762&#8243; img_size=&#8221;250&#215;250&#8243; css_animation=&#8221;fadeIn&#8221;][\/vc_tta_section][vc_tta_section title=&#8221;Otantik L\u00fcks Oda Yol ve Deniz Manzaral\u0131&#8221; tab_id=&#8221;1683556649178-9f6dc1f2-413c&#8221;][vc_gallery type=&#8221;image_grid&#8221; images=&#8221;5763,5764,5765,5766,5767,5768,5769,5770,5771&#8243; img_size=&#8221;250&#215;250&#8243; css_animation=&#8221;fadeIn&#8221;][\/vc_tta_section][vc_tta_section title=&#8221;Otantik L\u00fcks Oda Zakkum Deniz Manzaral\u0131&#8221; tab_id=&#8221;1683557565748-d743ad9d-3827&#8243;][vc_gallery type=&#8221;image_grid&#8221; images=&#8221;5772,5773,5774,5775,5776,5777,5778,5779,5780,5781,5782&#8243; img_size=&#8221;250&#215;250&#8243; css_animation=&#8221;fadeIn&#8221;][\/vc_tta_section][vc_tta_section title=&#8221;Suit Room Garden Bah\u00e7e ve Deniz Manzaral\u0131&#8221; tab_id=&#8221;1683610539634-f189448f-0fa9&#8243;][vc_gallery type=&#8221;image_grid&#8221; images=&#8221;5883,5884,5885,5886,5887,5888,5889&#8243; img_size=&#8221;250&#215;250&#8243; css_animation=&#8221;fadeIn&#8221;][\/vc_tta_section][vc_tta_section title=&#8221;Balkonlu Yandan Deniz Manzaral\u0131 L\u00fcks Oda&#8221; tab_id=&#8221;1683610756646-db0227fb-e9ba&#8221;][vc_gallery type=&#8221;image_grid&#8221; images=&#8221;5890,5891,5892,5893,5894,5895,5896,5897,5898,5899,5900,5901,5902&#8243; img_size=&#8221;250&#215;250&#8243; css_animation=&#8221;fadeIn&#8221;][\/vc_tta_section][vc_tta_section title=&#8221;Ortak Alan&#8221; tab_id=&#8221;1681737146420-45df1536-e1fd&#8221;][vc_gallery type=&#8221;image_grid&#8221; images=&#8221;5783,5784,5785,5786,5787,5788,5789,5790,5791,5792,5793,5794,5795,5796,5797,5798,5799,5800,5801,5802,5803,5804,5805,5806,5807,5808,5809,5810,5811,5812,5813,5814,5815,5816,5817,5818,5819,5820,5821,5822,5823,5824,5825,5826,5827,5828,5829,5830,5831,5832,5833,5834,5835,5836,5837,5838,5839,5840,5841,5842,5843,5844,5845,5846,5847,5848,5849,5850,5851,5852,5853,5854,5855,5856,5857,5858,5859,5860,5861,5862,5863,5864,5865,5866,5867,5868,5869,5870,5871,5872,5873,5874,5875,5876,5877,5878,5879,5880&#8243; img_size=&#8221;250&#215;250&#8243; css_animation=&#8221;fadeIn&#8221;][\/vc_tta_section][\/vc_tta_accordion][\/vc_column][\/vc_row][vc_row full_width=&#8221;stretch_row&#8221; css=&#8221;.vc_custom_1464961345874{padding-top: 80px !important;padding-bottom: 80px !important;background: #f3f3f3 url(http:\/\/dummy.wedesignthemes.com\/veda\/yoga\/wp-content\/uploads\/sites\/19\/2015\/07\/parallax-services.jpg?id=4267) !important;background-position: 0 0 !important;background-repeat: no-repeat !important;}&#8221;][vc_column el_class=&#8221;aligncenter&#8221;][\/vc_column][vc_column width=&#8221;1\/3&#8243; el_class=&#8221;aligncenter&#8221;][\/vc_column][vc_column width=&#8221;1\/3&#8243; el_class=&#8221;aligncenter&#8221;][vc_column_text css=&#8221;.vc_custom_1678689723878{margin-bottom: 0px !important;}&#8221;]Daha fazlas\u0131 i\u00e7in <br> bizimle ileti\u015fime ge\u00e7ebilirsiniz. <br> +90 532 215 58 83 <br> +90 232 722 24 00[\/vc_column_text][\/vc_column][vc_column width=&#8221;1\/3&#8243; el_class=&#8221;aligncenter&#8221;][\/vc_column][vc_column el_class=&#8221;aligncenter&#8221;]<div class='dt-sc-hr-invisible-small '> <\/div><a href='http:\/\/www.mavipanorama.com\/index.php\/iletisim\/' target='_blank' title='iletisim' class='dt-sc-button   medium   filled rounded-corner  ' > \u0130leti\u015fim <\/a>[\/vc_column][\/vc_row]<\/p>\n<\/section>","protected":false},"excerpt":{"rendered":"<p>[vc_row][vc_column width=&#8221;1\/3&#8243;][\/vc_column][vc_column width=&#8221;1\/3&#8243;][vc_custom_heading text=&#8221;Villam\u0131zdan G\u00f6r\u00fcnt\u00fcler&#8221; use_theme_fonts=&#8221;yes&#8221;][\/vc_column][vc_column width=&#8221;1\/3&#8243;][\/vc_column][\/vc_row][vc_row][vc_column][vc_tta_accordion color=&#8221;white&#8221; active_section=&#8221;&#8221;][vc_tta_section title=&#8221;Exckusive Attic G\u00fcney Room&#8221; tab_id=&#8221;1681736477429-9e617625-e41d&#8221;][vc_gallery type=&#8221;image_grid&#8221; images=&#8221;5658,5659,5657,5656,5655,5653,5660,5650,5651,5652,5654,5661,5662,5663,5664,5665&#8243; img_size=&#8221;250&#215;250&#8243; css_animation=&#8221;fadeInUp&#8221;][\/vc_tta_section][vc_tta_section title=&#8221;Geni\u015f Terasl\u0131 Deluxe Room Panoramik Manzaral\u0131 Jakuzili&#8221; tab_id=&#8221;1681736476133-025c0ae8-0438&#8243;][vc_gallery type=&#8221;image_grid&#8221; images=&#8221;5668,5666,5667,5669,5670,5671,5672,5673,5674,5675,5676,5677,5678,5679,5680,5681,5682,5683,5684&#8243; img_size=&#8221;250&#215;250&#8243; css_animation=&#8221;fadeIn&#8221;][\/vc_tta_section][vc_tta_section [&hellip;]<\/p>\n","protected":false},"author":1,"featured_media":0,"parent":0,"menu_order":0,"comment_status":"closed","ping_status":"closed","template":"","meta":[],"_links":{"self":[{"href":"http:\/\/www.mavipanorama.com\/index.php\/wp-json\/wp\/v2\/pages\/5178"}],"collection":[{"href":"http:\/\/www.mavipanorama.com\/index.php\/wp-json\/wp\/v2\/pages"}],"about":[{"href":"http:\/\/www.mavipanorama.com\/index.php\/wp-json\/wp\/v2\/types\/page"}],"author":[{"embeddable":true,"href":"http:\/\/www.mavipanorama.com\/index.php\/wp-json\/wp\/v2\/users\/1"}],"replies":[{"embeddable":true,"href":"http:\/\/www.mavipanorama.com\/index.php\/wp-json\/wp\/v2\/comments?post=5178"}],"version-history":[{"count":16,"href":"http:\/\/www.mavipanorama.com\/index.php\/wp-json\/wp\/v2\/pages\/5178\/revisions"}],"predecessor-version":[{"id":5929,"href":"http:\/\/www.mavipanorama.com\/index.php\/wp-json\/wp\/v2\/pages\/5178\/revisions\/5929"}],"wp:attachment":[{"href":"http:\/\/www.mavipanorama.com\/index.php\/wp-json\/wp\/v2\/media?parent=5178"}],"curies":[{"name":"wp","href":"https:\/\/api.w.org\/{rel}","templated":true}]}}